{"id":1438,"date":"2026-04-20T08:28:08","date_gmt":"2026-04-20T08:28:08","guid":{"rendered":"https:\/\/laujoies.com\/?page_id=1438"},"modified":"2026-04-22T09:29:06","modified_gmt":"2026-04-22T09:29:06","slug":"sobre-lau","status":"publish","type":"page","link":"https:\/\/laujoies.com\/?page_id=1438&lang=en","title":{"rendered":"About LAU joies"},"content":{"rendered":"\t\t<div data-elementor-type=\"wp-page\" data-elementor-id=\"1438\" class=\"elementor elementor-1438\">\n\t\t\t\t<div class=\"elementor-element elementor-element-4c112057 e-flex e-con-boxed e-con e-parent\" data-id=\"4c112057\" data-element_type=\"container\" data-e-type=\"container\">\n\t\t\t\t\t<div class=\"e-con-inner\">\n\t\t\t\t<div class=\"elementor-element elementor-element-6f64acd4 elementor-widget elementor-widget-text-editor\" data-id=\"6f64acd4\" data-element_type=\"widget\" data-e-type=\"widget\" data-widget_type=\"text-editor.default\">\n\t\t\t\t\t\t\t\t\t<div class=\"wp-block-stackable-columns alignfull stk-block-columns stk-block stk-dc595a3 stk-block-background\" data-block-id=\"dc595a3\">\n<h6><img fetchpriority=\"high\" decoding=\"async\" data-attachment-id=\"567\" data-permalink=\"https:\/\/laujoies.com\/?attachment_id=567\" data-orig-file=\"https:\/\/laujoies.com\/wp-content\/uploads\/2026\/02\/IMG_0447.jpeg\" data-orig-size=\"1667,1667\" data-comments-opened=\"1\" data-image-meta=\"{&quot;aperture&quot;:&quot;0&quot;,&quot;credit&quot;:&quot;&quot;,&quot;camera&quot;:&quot;&quot;,&quot;caption&quot;:&quot;&quot;,&quot;created_timestamp&quot;:&quot;0&quot;,&quot;copyright&quot;:&quot;&quot;,&quot;focal_length&quot;:&quot;0&quot;,&quot;iso&quot;:&quot;0&quot;,&quot;shutter_speed&quot;:&quot;0&quot;,&quot;title&quot;:&quot;&quot;,&quot;orientation&quot;:&quot;0&quot;}\" data-image-title=\"Lau logo\" data-image-description=\"\" data-image-caption=\"\" data-large-file=\"https:\/\/laujoies.com\/wp-content\/uploads\/2026\/02\/IMG_0447-1024x1024.jpeg\" class=\"size-medium wp-image-567 alignleft\" src=\"https:\/\/laujoies.com\/wp-content\/uploads\/2026\/02\/IMG_0447-300x300.jpeg\" alt=\"\" width=\"300\" height=\"300\" srcset=\"https:\/\/laujoies.com\/wp-content\/uploads\/2026\/02\/IMG_0447-300x300.jpeg 300w, https:\/\/laujoies.com\/wp-content\/uploads\/2026\/02\/IMG_0447-1024x1024.jpeg 1024w, https:\/\/laujoies.com\/wp-content\/uploads\/2026\/02\/IMG_0447-150x150.jpeg 150w, https:\/\/laujoies.com\/wp-content\/uploads\/2026\/02\/IMG_0447-768x768.jpeg 768w, https:\/\/laujoies.com\/wp-content\/uploads\/2026\/02\/IMG_0447-1536x1536.jpeg 1536w, https:\/\/laujoies.com\/wp-content\/uploads\/2026\/02\/IMG_0447-600x600.jpeg 600w, https:\/\/laujoies.com\/wp-content\/uploads\/2026\/02\/IMG_0447-100x100.jpeg 100w, https:\/\/laujoies.com\/wp-content\/uploads\/2026\/02\/IMG_0447.jpeg 1667w\" sizes=\"(max-width: 300px) 100vw, 300px\" \/><\/h6>\n<h2>LAU \u00e9s una marca de joies inspirades en la natura i el mar, d\u2019estil minimalista i contempor\u00e0ni fetes amb argila polim\u00e8rica.<\/h2>\n<p><span style=\"font-family: inherit; font-size: inherit; font-style: inherit; font-variant-caps: inherit; text-align: var(--stk-alignment-text-align,start); letter-spacing: var(--theme-letter-spacing); text-transform: var(--theme-text-transform); -webkit-text-size-adjust: 100%;\">Totes les peces estan fetes a m\u00e0 i no n\u2019hi ha dues d\u2019iguals. Inspirada en la natura i en les formes org\u00e0niques. M\u2019encanta explorar, colors, textures i volums. Algunes peces tenen inspiraci\u00f3 en l\u2019art abstracte. Moltes arracades es poden personalitzar nom\u00e9s cal que em contacteu i en podem parlar.<\/span><\/p>\n<p><span style=\"font-family: inherit; font-size: inherit; font-style: inherit; font-variant-caps: inherit; text-align: var(--stk-alignment-text-align,start); letter-spacing: var(--theme-letter-spacing); text-transform: var(--theme-text-transform); -webkit-text-size-adjust: 100%;\">LAU \u00e9s una marca petita d\u2019artesania feta i creada a Arenys de Mar, Barcelona.<\/span><\/p>\n<p><span style=\"font-family: inherit; font-size: inherit; font-style: inherit; font-variant-caps: inherit; text-align: var(--stk-alignment-text-align,start); letter-spacing: var(--theme-letter-spacing); text-transform: var(--theme-text-transform); -webkit-text-size-adjust: 100%;\">Fem enviaments a tot Europa gratu\u00efts a partir de 60 euros.<\/span><\/p>\n<\/div>\n<div class=\"wp-block-stackable-columns stk-block-columns stk-block stk-a25dc6b\" data-block-id=\"a25dc6b\">\n<div class=\"stk-row stk-inner-blocks stk-block-content stk-content-align stk-a25dc6b-column\">\n<div class=\"wp-block-stackable-column stk-block-column stk-column stk-block stk-637db20\" data-v=\"4\" data-block-id=\"637db20\">\n<div class=\"stk-column-wrapper stk-block-column__content stk-container stk-637db20-container stk--no-background stk--no-padding\">\n<div class=\"stk-block-content stk-inner-blocks stk-637db20-inner-blocks\">\n<p><\/p>\n<div class=\"wp-block-stackable-image stk-block-image stk-block stk-f0f863f\" data-block-id=\"f0f863f\">\n<figure><span class=\"stk-img-wrapper stk-image--shape-stretch\"><img decoding=\"async\" data-attachment-id=\"1241\" data-permalink=\"https:\/\/laujoies.com\/?attachment_id=1241\" data-orig-file=\"https:\/\/laujoies.com\/wp-content\/uploads\/2026\/04\/IMG_1174-scaled.jpeg\" data-orig-size=\"1920,2560\" data-comments-opened=\"1\" data-image-meta=\"{&quot;aperture&quot;:&quot;2.2&quot;,&quot;credit&quot;:&quot;&quot;,&quot;camera&quot;:&quot;iPhone 11&quot;,&quot;caption&quot;:&quot;&quot;,&quot;created_timestamp&quot;:&quot;1773853413&quot;,&quot;copyright&quot;:&quot;&quot;,&quot;focal_length&quot;:&quot;2.71&quot;,&quot;iso&quot;:&quot;32&quot;,&quot;shutter_speed&quot;:&quot;0.0081967213114754&quot;,&quot;title&quot;:&quot;&quot;,&quot;orientation&quot;:&quot;1&quot;}\" data-image-title=\"IMG_1174\" data-image-description=\"\" data-image-caption=\"\" data-large-file=\"https:\/\/laujoies.com\/wp-content\/uploads\/2026\/04\/IMG_1174-768x1024.jpeg\" class=\"stk-img alignnone wp-image-1241 size-medium\" src=\"https:\/\/laujoies.com\/wp-content\/uploads\/2026\/04\/IMG_1174-225x300.jpeg\" alt=\"\" width=\"225\" height=\"300\" srcset=\"https:\/\/laujoies.com\/wp-content\/uploads\/2026\/04\/IMG_1174-225x300.jpeg 225w, https:\/\/laujoies.com\/wp-content\/uploads\/2026\/04\/IMG_1174-768x1024.jpeg 768w, https:\/\/laujoies.com\/wp-content\/uploads\/2026\/04\/IMG_1174-1152x1536.jpeg 1152w, https:\/\/laujoies.com\/wp-content\/uploads\/2026\/04\/IMG_1174-1536x2048.jpeg 1536w, https:\/\/laujoies.com\/wp-content\/uploads\/2026\/04\/IMG_1174-600x800.jpeg 600w, https:\/\/laujoies.com\/wp-content\/uploads\/2026\/04\/IMG_1174-scaled.jpeg 1920w\" sizes=\"(max-width: 225px) 100vw, 225px\" \/><\/span><\/figure>\n<\/div>\n<\/div>\n<\/div>\n<\/div>\n<div class=\"wp-block-stackable-column stk-block-column stk-column stk-block stk-2039561\" data-v=\"4\" data-block-id=\"2039561\">\n<div class=\"stk-column-wrapper stk-block-column__content stk-container stk-2039561-container stk--no-background stk--no-padding\">\n<div class=\"stk-block-content stk-inner-blocks stk-2039561-inner-blocks\">\n<div id=\"phasellus-dignissim-tellus-pellentesque-mollisorci\" class=\"wp-block-stackable-heading stk-block-heading stk-block-heading--v2 stk-block stk-b61712c\" data-block-id=\"b61712c\">\n<h2 class=\"stk-block-heading__text has-text-align-center-mobile\">Qui hi ha darrera de LAU? &nbsp;<\/h2>\n<div>&nbsp;<\/div>\n<div>Em dic Adriana vaig comen\u00e7ar a experimentar amb l\u2019argila polim\u00e8rica pel Covid-19. Sempre m\u2019ha agradat les manualitats i l\u2019art. Vaig estudiar un batxillerat art\u00edstic tot i que m\u2019he dedicat a coses ben diferents.<\/div>\n<div>&nbsp;<\/div>\n<div>Jugar amb colors, textures i formes per crear joies que t\u2019alegren el dia \u00e9s la meva meta. M\u2019encanten els estampats i les combinacions de colors que t\u2019alegren el dia.<\/div><div><br><\/div><div>Joies fetes a m\u00e0, inspirados amb la natura i el mar mediterr\u00e0ni. LAU \u00e9s una marca petita feta pensada per dones \u00faniques que volen llu\u00efr una pe\u00e7a diferente f\u00f2ra del consum en massa de les grans marques. Si et sent identificada amb aquests valors descobreix les nostres arracades i els bra\u00e7alets m\u00e9s divertits que tenim.<\/div>\n<div>&nbsp;<\/div>\n<div>Faig tot el contingut en catal\u00e0 i per coher\u00e8ncia i perqu\u00e8 s\u00f3c de la Garrotxa tot i que visc i creo al Maresme, a Arenys de Mar.<\/div>\n<\/div>\n<\/div>\n<div>&nbsp;<\/div>\n<\/div>\n<\/div>\n<\/div>\n<\/div>\n<div class=\"wp-block-stackable-columns stk-block-columns stk-block stk-cb2da1f\" data-block-id=\"cb2da1f\">\n<div class=\"stk-row stk-inner-blocks stk-block-content stk-content-align stk-cb2da1f-column\">\n<div class=\"wp-block-stackable-column stk-block-column stk-column stk-block stk-648f5fd\" data-v=\"4\" data-block-id=\"648f5fd\">\n<div class=\"stk-column-wrapper stk-block-column__content stk-container stk-648f5fd-container stk--no-background stk--no-padding\">\n<div class=\"stk-block-content stk-inner-blocks stk-648f5fd-inner-blocks\">\n<p><\/p>\n<div class=\"wp-block-stackable-text stk-block-text stk-block stk-efdb34c\" data-block-id=\"efdb34c\">\n<style>.stk-efdb34c {margin-bottom:0px !important;}<\/style>\n<\/div>\n<\/div>\n<\/div>\n<\/div>\n<\/div>\n<\/div>\n<div id=\"meet-our-team\" class=\"wp-block-stackable-heading stk-block-heading stk-block-heading--v2 stk-block stk-c49045b\" data-block-id=\"c49045b\">\n<h2 class=\"stk-block-heading__text has-text-align-center\">Gr\u00e0cies per ser aqu\u00ed!<\/h2>\n<\/div>\n<div class=\"wp-block-stackable-columns stk-block-columns stk-block stk-c4d4c63\" data-block-id=\"c4d4c63\">\n<div class=\"stk-row stk-inner-blocks stk-block-content stk-content-align stk-c4d4c63-column\">\n<div class=\"wp-block-stackable-column stk-block-column stk-column stk-block stk-5c5bbf0\" data-v=\"4\" data-block-id=\"5c5bbf0\">\n<div class=\"stk-column-wrapper stk-block-column__content stk-container stk-5c5bbf0-container stk--no-background stk--no-padding\">\n<div class=\"stk-block-content stk-inner-blocks stk-5c5bbf0-inner-blocks\">\n<p><\/p>\n<div class=\"wp-block-stackable-button-group stk-block-button-group stk-block stk-bbb2d01\" data-block-id=\"bbb2d01\">\n<style>.stk-bbb2d01 .stk-inner-blocks{column-gap:10px !important;}<\/style>\n<\/div>\n<\/div>\n<\/div>\n<\/div>\n<\/div>\n<\/div>\t\t\t\t\t\t\t\t<\/div>\n\t\t\t\t\t<\/div>\n\t\t\t\t<\/div>\n\t\t<div class=\"elementor-element elementor-element-17d0b2f e-flex e-con-boxed e-con e-parent\" data-id=\"17d0b2f\" data-element_type=\"container\" data-e-type=\"container\">\n\t\t\t\t\t<div class=\"e-con-inner\">\n\t\t\t\t<div class=\"elementor-element elementor-element-c7c8a46 elementor-widget elementor-widget-image\" data-id=\"c7c8a46\" data-element_type=\"widget\" data-e-type=\"widget\" data-widget_type=\"image.default\">\n\t\t\t\t\t\t\t\t\t\t\t\t\t\t\t<img decoding=\"async\" data-attachment-id=\"847\" data-permalink=\"https:\/\/laujoies.com\/?attachment_id=847\" data-orig-file=\"https:\/\/laujoies.com\/wp-content\/uploads\/2026\/03\/Banner-lau-01-Artboard-1-scaled.jpg\" data-orig-size=\"2560,1055\" data-comments-opened=\"1\" data-image-meta=\"{&quot;aperture&quot;:&quot;0&quot;,&quot;credit&quot;:&quot;&quot;,&quot;camera&quot;:&quot;&quot;,&quot;caption&quot;:&quot;&quot;,&quot;created_timestamp&quot;:&quot;0&quot;,&quot;copyright&quot;:&quot;&quot;,&quot;focal_length&quot;:&quot;0&quot;,&quot;iso&quot;:&quot;0&quot;,&quot;shutter_speed&quot;:&quot;0&quot;,&quot;title&quot;:&quot;&quot;,&quot;orientation&quot;:&quot;0&quot;}\" data-image-title=\"Banner lau 01 Artboard 1\" data-image-description=\"\" data-image-caption=\"\" data-large-file=\"https:\/\/laujoies.com\/wp-content\/uploads\/2026\/03\/Banner-lau-01-Artboard-1-1024x422.jpg\" width=\"1024\" height=\"422\" src=\"https:\/\/laujoies.com\/wp-content\/uploads\/2026\/03\/Banner-lau-01-Artboard-1-1024x422.jpg\" class=\"attachment-large size-large wp-image-847\" alt=\"\" srcset=\"https:\/\/laujoies.com\/wp-content\/uploads\/2026\/03\/Banner-lau-01-Artboard-1-1024x422.jpg 1024w, https:\/\/laujoies.com\/wp-content\/uploads\/2026\/03\/Banner-lau-01-Artboard-1-300x124.jpg 300w, https:\/\/laujoies.com\/wp-content\/uploads\/2026\/03\/Banner-lau-01-Artboard-1-768x316.jpg 768w, https:\/\/laujoies.com\/wp-content\/uploads\/2026\/03\/Banner-lau-01-Artboard-1-1536x633.jpg 1536w, https:\/\/laujoies.com\/wp-content\/uploads\/2026\/03\/Banner-lau-01-Artboard-1-2048x844.jpg 2048w, https:\/\/laujoies.com\/wp-content\/uploads\/2026\/03\/Banner-lau-01-Artboard-1-600x247.jpg 600w\" sizes=\"(max-width: 1024px) 100vw, 1024px\" data-attachment-id=\"847\" data-permalink=\"https:\/\/laujoies.com\/?attachment_id=847\" data-orig-file=\"https:\/\/laujoies.com\/wp-content\/uploads\/2026\/03\/Banner-lau-01-Artboard-1-scaled.jpg\" data-orig-size=\"2560,1055\" data-comments-opened=\"1\" data-image-meta=\"{&quot;aperture&quot;:&quot;0&quot;,&quot;credit&quot;:&quot;&quot;,&quot;camera&quot;:&quot;&quot;,&quot;caption&quot;:&quot;&quot;,&quot;created_timestamp&quot;:&quot;0&quot;,&quot;copyright&quot;:&quot;&quot;,&quot;focal_length&quot;:&quot;0&quot;,&quot;iso&quot;:&quot;0&quot;,&quot;shutter_speed&quot;:&quot;0&quot;,&quot;title&quot;:&quot;&quot;,&quot;orientation&quot;:&quot;0&quot;}\" data-image-title=\"Banner lau 01 Artboard 1\" data-image-description=\"\" data-image-caption=\"\" data-large-file=\"https:\/\/laujoies.com\/wp-content\/uploads\/2026\/03\/Banner-lau-01-Artboard-1-1024x422.jpg\" \/>\t\t\t\t\t\t\t\t\t\t\t\t\t\t\t<\/div>\n\t\t\t\t\t<\/div>\n\t\t\t\t<\/div>\n\t\t\t\t<\/div>\n\t\t","protected":false},"excerpt":{"rendered":"<p>LAU \u00e9s una marca de joies inspirades en la natura i el mar, d\u2019estil minimalista i contempor\u00e0ni fetes amb argila polim\u00e8rica. Totes les peces estan fetes a m\u00e0 i no n\u2019hi ha dues d\u2019iguals. Inspirada en la natura i en les formes org\u00e0niques. M\u2019encanta explorar, colors, textures i volums. Algunes peces tenen inspiraci\u00f3 en l\u2019art [&hellip;]<\/p>\n","protected":false},"author":1,"featured_media":0,"parent":0,"menu_order":0,"comment_status":"closed","ping_status":"closed","template":"","meta":{"_monsterinsights_skip_tracking":false,"_monsterinsights_sitenote_active":false,"_monsterinsights_sitenote_note":"","_monsterinsights_sitenote_category":0,"footnotes":""},"class_list":["post-1438","page","type-page","status-publish","hentry"],"blocksy_meta":{"styles_descriptor":{"styles":{"desktop":"","tablet":"","mobile":""},"google_fonts":[],"version":6},"page_title_panel":"","has_hero_section":"disabled","4a6c26e3489cfc452f0c7089ef3cf078":"","hero_section":"type-1","hero_elements":[{"id":"custom_title","enabled":true,"heading_tag":"h1","title":"Home"},{"id":"custom_description","enabled":true,"description_visibility":{"desktop":true,"tablet":true,"mobile":false}},{"id":"custom_meta","enabled":false,"meta_elements":[{"id":"author","enabled":true,"label":"By","has_author_avatar":"yes","avatar_size":25},{"id":"post_date","enabled":true,"label":"On","date_format_source":"default","date_format":"M j, Y"},{"id":"updated_date","enabled":false,"label":"On","date_format_source":"default","date_format":"M j, Y"},{"id":"categories","enabled":false,"label":"In","style":"simple"},{"id":"comments","enabled":true}],"page_meta_elements":{"joined":true,"articles_count":true,"comments":true}},{"id":"breadcrumbs","enabled":false}],"fe562f922a7890432068950dda17c488":"","hero_alignment1":"CT_CSS_SKIP_RULE","hero_margin":40,"hero_alignment2":"center","hero_vertical_alignment":"center","21ff91474bdbf7e3262b971e98d91af2":"","hero_structure":"narrow","efbca305c45ecabd3d17e2c3bd7c910d":"","page_title_bg_type":"featured_image","custom_hero_background":{"attachment_id":null},"page_title_image_size":"full","parallax":{"desktop":false,"tablet":false,"mobile":false},"5ba28e80c5f05ca70537edad0eefaf73":"","hero_height":"250px","pageTitleFont":{"family":"Default","variation":"Default","size":"30px","line-height":"CT_CSS_SKIP_RULE","letter-spacing":"CT_CSS_SKIP_RULE","text-transform":"CT_CSS_SKIP_RULE","text-decoration":"CT_CSS_SKIP_RULE"},"pageTitleFontColor":{"default":{"color":"CT_CSS_SKIP_RULEDEFAULT"}},"pageMetaFont":{"family":"Default","variation":"n6","size":"12px","line-height":"1.3","letter-spacing":"CT_CSS_SKIP_RULE","text-transform":"uppercase","text-decoration":"CT_CSS_SKIP_RULE"},"pageMetaFontColor":{"default":{"color":"CT_CSS_SKIP_RULEDEFAULT"},"hover":{"color":"CT_CSS_SKIP_RULEDEFAULT"}},"page_meta_button_type_font_colors":{"default":{"color":"CT_CSS_SKIP_RULEDEFAULT"},"hover":{"color":"CT_CSS_SKIP_RULEDEFAULT"}},"page_meta_button_type_background_colors":{"default":{"color":"CT_CSS_SKIP_RULEDEFAULT"},"hover":{"color":"CT_CSS_SKIP_RULEDEFAULT"}},"pageExcerptFont":{"family":"Default","variation":"Default","size":"CT_CSS_SKIP_RULE","line-height":"CT_CSS_SKIP_RULE","letter-spacing":"CT_CSS_SKIP_RULE","text-transform":"CT_CSS_SKIP_RULE","text-decoration":"CT_CSS_SKIP_RULE"},"pageExcerptColor":{"default":{"color":"CT_CSS_SKIP_RULEDEFAULT"}},"breadcrumbsFont":{"family":"Default","variation":"Default","size":"CT_CSS_SKIP_RULE","line-height":"CT_CSS_SKIP_RULE","letter-spacing":"CT_CSS_SKIP_RULE","text-transform":"CT_CSS_SKIP_RULE","text-decoration":"CT_CSS_SKIP_RULE"},"breadcrumbsFontColor":{"default":{"color":"CT_CSS_SKIP_RULEDEFAULT"},"initial":{"color":"CT_CSS_SKIP_RULEDEFAULT"},"hover":{"color":"CT_CSS_SKIP_RULEDEFAULT"}},"pageTitleOverlay":{"background_type":"color","background_pattern":"type-1","background_image":{"attachment_id":null,"x":0,"y":0},"gradient":"linear-gradient(135deg,rgba(6,147,227,1) 0%,rgb(155,81,224) 100%)","background_repeat":"repeat","background_size":"auto","background_attachment":"scroll","patternColor":{"default":{"color":"#e5e7ea"}},"overlayColor":{"default":{"color":"CT_CSS_SKIP_RULE"}},"backgroundColor":{"default":{"color":"CT_CSS_SKIP_RULE"}}},"pageTitleBackground":{"background_type":"color","background_pattern":"type-1","background_image":{"attachment_id":null,"x":0,"y":0},"gradient":"linear-gradient(135deg,rgba(6,147,227,1) 0%,rgb(155,81,224) 100%)","background_repeat":"repeat","background_size":"auto","background_attachment":"scroll","patternColor":{"default":{"color":"#e5e7ea"}},"overlayColor":{"default":{"color":"CT_CSS_SKIP_RULE"}},"backgroundColor":{"default":{"color":"var(--theme-palette-color-6)"}}},"pageTitlePadding":{"top":"50px","bottom":"50px","left":"auto","right":"auto","linked":true},"a271f1d3e5a6bce1f48f7d72e3fe62cd":"","page_structure_type":"default","ac8f391930b733f81c8c2034fe54f4c4":"","content_style_source":"inherit","content_style":"wide","vertical_spacing_source":"custom","content_area_spacing":"none","background":{"background_type":"color","background_pattern":"type-1","background_image":{"attachment_id":null,"x":0,"y":0},"gradient":"linear-gradient(135deg,rgba(6,147,227,1) 0%,rgb(155,81,224) 100%)","background_repeat":"repeat","background_size":"auto","background_attachment":"scroll","patternColor":{"default":{"color":"#e5e7ea"}},"overlayColor":{"default":{"color":"CT_CSS_SKIP_RULE"}},"backgroundColor":{"default":{"color":"CT_CSS_SKIP_RULE"}}},"content_background":{"background_type":"color","background_pattern":"type-1","background_image":{"attachment_id":null,"x":0,"y":0},"gradient":"linear-gradient(135deg,rgba(6,147,227,1) 0%,rgb(155,81,224) 100%)","background_repeat":"repeat","background_size":"auto","background_attachment":"scroll","patternColor":{"default":{"color":"#e5e7ea"}},"overlayColor":{"default":{"color":"CT_CSS_SKIP_RULE"}},"backgroundColor":{"default":{"color":"var(--theme-palette-color-8)"}}},"content_boxed_shadow":{"inherit":false,"blur":18,"spread":-6,"v_offset":12,"h_offset":0,"inset":false,"enable":true,"color":{"color":"rgba(34, 56, 101, 0.04)"}},"boxed_content_spacing":{"desktop":{"top":"40px","bottom":"40px","left":"40px","right":"40px","linked":true},"tablet":{"top":"35px","bottom":"35px","left":"35px","right":"35px","linked":true},"mobile":{"top":"20px","bottom":"20px","left":"20px","right":"20px","linked":true}},"content_boxed_radius":{"top":"3px","bottom":"3px","left":"3px","right":"3px","linked":true},"a38c1b35b8d2e65b9d89492d033c438a":"","disable_featured_image":"no","disable_share_box":"no","disable_header":"no","disable_footer":"no"},"aioseo_notices":[],"jetpack_sharing_enabled":true,"jetpack_shortlink":"https:\/\/wp.me\/Ph6auM-nc","_links":{"self":[{"href":"https:\/\/laujoies.com\/index.php?rest_route=\/wp\/v2\/pages\/1438","targetHints":{"allow":["GET"]}}],"collection":[{"href":"https:\/\/laujoies.com\/index.php?rest_route=\/wp\/v2\/pages"}],"about":[{"href":"https:\/\/laujoies.com\/index.php?rest_route=\/wp\/v2\/types\/page"}],"author":[{"embeddable":true,"href":"https:\/\/laujoies.com\/index.php?rest_route=\/wp\/v2\/users\/1"}],"replies":[{"embeddable":true,"href":"https:\/\/laujoies.com\/index.php?rest_route=%2Fwp%2Fv2%2Fcomments&post=1438"}],"version-history":[{"count":5,"href":"https:\/\/laujoies.com\/index.php?rest_route=\/wp\/v2\/pages\/1438\/revisions"}],"predecessor-version":[{"id":1574,"href":"https:\/\/laujoies.com\/index.php?rest_route=\/wp\/v2\/pages\/1438\/revisions\/1574"}],"wp:attachment":[{"href":"https:\/\/laujoies.com\/index.php?rest_route=%2Fwp%2Fv2%2Fmedia&parent=1438"}],"curies":[{"name":"wp","href":"https:\/\/api.w.org\/{rel}","templated":true}]}}