{"id":1280,"date":"2026-04-05T08:15:29","date_gmt":"2026-04-05T08:15:29","guid":{"rendered":"https:\/\/laujoies.com\/?post_type=product&#038;p=1280"},"modified":"2026-04-05T08:28:49","modified_gmt":"2026-04-05T08:28:49","slug":"jonc-2-3","status":"publish","type":"product","link":"https:\/\/laujoies.com\/?product=jonc-2-3","title":{"rendered":"Bra\u00e7alet Lau Taronja"},"content":{"rendered":"<p>Bra\u00e7alet Lau fet a m\u00e0 amb argila polim\u00e8rica t\u00e9 un disseny minimalista i org\u00e0nic.<\/p>\n<p>Est\u00e0 format per una tira rodona i cont\u00ednua d\u2019argila que s\u2019enrotlla sobre si mateixa, creant una forma espiral oberta que s\u2019adapta al canell.<\/p>\n<p>Color taronja vibrant.<\/p>\n<p>\u00c9s una pe\u00e7a vers\u00e0til que pot combinar f\u00e0cilment amb estils casuals, minimalistes o naturals, i que destaca per la seva forma escult\u00f2rica i feta a m\u00e0.<\/p>\n","protected":false},"excerpt":{"rendered":"<p>Bra\u00e7alet Lau fet a m\u00e0 amb argila polim\u00e8rica t\u00e9 un disseny minimalista i org\u00e0nic. Est\u00e0 format per una tira rodona i cont\u00ednua d\u2019argila que s\u2019enrotlla sobre si mateixa, creant una forma espiral oberta que s\u2019adapta al canell. Color taronja vibrant. \u00c9s una pe\u00e7a vers\u00e0til que pot combinar f\u00e0cilment amb estils casuals, minimalistes o naturals, i [&hellip;]<\/p>\n","protected":false},"featured_media":1287,"comment_status":"open","ping_status":"closed","template":"","meta":{"_monsterinsights_skip_tracking":false,"_monsterinsights_sitenote_active":false,"_monsterinsights_sitenote_note":"","_monsterinsights_sitenote_category":0},"product_brand":[],"product_cat":[45],"product_tag":[],"class_list":{"0":"post-1280","1":"product","2":"type-product","3":"status-publish","4":"has-post-thumbnail","6":"product_cat-bracalets","8":"first","9":"instock","10":"taxable","11":"shipping-taxable","12":"purchasable","13":"product-type-variable"},"aioseo_notices":[],"jetpack_sharing_enabled":true,"_links":{"self":[{"href":"https:\/\/laujoies.com\/index.php?rest_route=\/wp\/v2\/product\/1280","targetHints":{"allow":["GET"]}}],"collection":[{"href":"https:\/\/laujoies.com\/index.php?rest_route=\/wp\/v2\/product"}],"about":[{"href":"https:\/\/laujoies.com\/index.php?rest_route=\/wp\/v2\/types\/product"}],"replies":[{"embeddable":true,"href":"https:\/\/laujoies.com\/index.php?rest_route=%2Fwp%2Fv2%2Fcomments&post=1280"}],"wp:featuredmedia":[{"embeddable":true,"href":"https:\/\/laujoies.com\/index.php?rest_route=\/wp\/v2\/media\/1287"}],"wp:attachment":[{"href":"https:\/\/laujoies.com\/index.php?rest_route=%2Fwp%2Fv2%2Fmedia&parent=1280"}],"wp:term":[{"taxonomy":"product_brand","embeddable":true,"href":"https:\/\/laujoies.com\/index.php?rest_route=%2Fwp%2Fv2%2Fproduct_brand&post=1280"},{"taxonomy":"product_cat","embeddable":true,"href":"https:\/\/laujoies.com\/index.php?rest_route=%2Fwp%2Fv2%2Fproduct_cat&post=1280"},{"taxonomy":"product_tag","embeddable":true,"href":"https:\/\/laujoies.com\/index.php?rest_route=%2Fwp%2Fv2%2Fproduct_tag&post=1280"}],"curies":[{"name":"wp","href":"https:\/\/api.w.org\/{rel}","templated":true}]}}