{"id":419,"date":"2022-04-18T12:25:26","date_gmt":"2022-04-18T12:25:26","guid":{"rendered":"https:\/\/startersites.io\/blocksy\/home-decor\/?post_type=product&#038;p=419"},"modified":"2026-03-10T11:30:30","modified_gmt":"2026-03-10T11:30:30","slug":"consectetur-dipiscing","status":"publish","type":"product","link":"https:\/\/laujoies.com\/?product=consectetur-dipiscing","title":{"rendered":"Intersecci\u00f3 en negre"},"content":{"rendered":"","protected":false},"excerpt":{"rendered":"<p>Disseny gr\u00e0fic i contemporani recordant l&#8217;obre de Franz Kline. 4 cm di\u00e0metre.<\/p>\n<p>La seva forma rodona i plana crea una pe\u00e7a amb pres\u00e8ncia que agafa protagonisme en el teu look.<\/p>\n<p>Presenten una base amb una textura subtil que aporta profunditat i car\u00e0cter artesanal. A sobre, un patr\u00f3 de l\u00ednies negres irregulars dibuixa un joc abstracte de l\u00edneas que es van interseccionant entre s\u00ed.<\/p>\n<p>El contrast blanc i negre les fa vers\u00e0tils i f\u00e0cils de combinar, ideals per donar un toc sofisticat al teu outfit.<\/p>\n<p>Una pe\u00e7a feta a m\u00e0 amb personalitat pr\u00f2pia, pensada per a qui busca complements originals i amb for\u00e7a visual.<\/p>\n","protected":false},"featured_media":776,"comment_status":"open","ping_status":"closed","template":"","meta":{"om_disable_all_campaigns":false,"_monsterinsights_skip_tracking":false,"_monsterinsights_sitenote_active":false,"_monsterinsights_sitenote_note":"","_monsterinsights_sitenote_category":0},"product_brand":[],"product_cat":[38],"product_tag":[],"class_list":{"0":"post-419","1":"product","2":"type-product","3":"status-publish","4":"has-post-thumbnail","6":"product_cat-arracades-de-boto","8":"first","9":"instock","10":"taxable","11":"shipping-taxable","12":"purchasable","13":"product-type-simple"},"aioseo_notices":[],"jetpack_sharing_enabled":true,"_links":{"self":[{"href":"https:\/\/laujoies.com\/index.php?rest_route=\/wp\/v2\/product\/419","targetHints":{"allow":["GET"]}}],"collection":[{"href":"https:\/\/laujoies.com\/index.php?rest_route=\/wp\/v2\/product"}],"about":[{"href":"https:\/\/laujoies.com\/index.php?rest_route=\/wp\/v2\/types\/product"}],"replies":[{"embeddable":true,"href":"https:\/\/laujoies.com\/index.php?rest_route=%2Fwp%2Fv2%2Fcomments&post=419"}],"wp:featuredmedia":[{"embeddable":true,"href":"https:\/\/laujoies.com\/index.php?rest_route=\/wp\/v2\/media\/776"}],"wp:attachment":[{"href":"https:\/\/laujoies.com\/index.php?rest_route=%2Fwp%2Fv2%2Fmedia&parent=419"}],"wp:term":[{"taxonomy":"product_brand","embeddable":true,"href":"https:\/\/laujoies.com\/index.php?rest_route=%2Fwp%2Fv2%2Fproduct_brand&post=419"},{"taxonomy":"product_cat","embeddable":true,"href":"https:\/\/laujoies.com\/index.php?rest_route=%2Fwp%2Fv2%2Fproduct_cat&post=419"},{"taxonomy":"product_tag","embeddable":true,"href":"https:\/\/laujoies.com\/index.php?rest_route=%2Fwp%2Fv2%2Fproduct_tag&post=419"}],"curies":[{"name":"wp","href":"https:\/\/api.w.org\/{rel}","templated":true}]}}